uppose 9 = -5*d + 5*k - 11, -k + 10 = -n*d. Let y(b) = 6*b**2 - b + 1. Calculate y(d).
27
Let a(v) = -v**3 - 11*v**2 + 8*v + 2. Suppose 0 = -o - 4*m - 16, 39 = -2*o - o - 3*m. Give a(o).
50
Suppose 11 = 5*w - 3*v, 8 = -0*w - w + 4*v. Let t(i) be the second derivative of i**4/12 - i**3 - 2*i**2 + i. Calculate t(w).
-12
Let m(k) = -29*k + 26. Let q be m(1). Let z(n) = -2*n**3 - 5*n**2 + 3*n + 2. What is z(q)?
2
Let o(a) = -6*a**2 - 10*a - 29. Let x(n) = -n**2 - 2*n - 3. Let i(c) = -o(c) + 7*x(c). Determine i(-6).
-4
Let f(i) = -3*i - 1. Suppose 4 = b - 5*j + 5, -3*j - 5 = -2*b. Let m be (-5 + b)*(-5 + 0). Suppose o - 4 = 4*p, -5*p + 3*o - 4*o - m = 0. Give f(p).
2
Let k(r) = r**2 + 5*r - 10. Let q be k(-7). Suppose 3*w + z = 22, 0 = -4*w + 5*z - q*z + 20. Let g(t) = t**3 - 6*t**2 - t + 3. Give g(w).
-3
Let l(b) = 4*b**2 - 4*b + 1. Let k(j) = -9*j**2 + 9*j - 2. Let w(m) = -2*k(m) - 5*l(m). Give w(2).
-5
Let d(y) = y + 6. Let s(m) = 5*m + 31. Let z(t) = -11*d(t) + 2*s(t). Let i(w) = -2*w**2 + w. Let q be i(0). Give z(q).
-4
Let m be (-20)/(-30) - (34/6 - 2). Let j(l) = -l**2 - 3*l - 4. What is j(m)?
-4
Let r(i) be the second derivative of i**4/12 - 5*i**3/6 - 3*i**2/2 - i. Let q be ((-1440)/(-56))/9*7/1. Let z = q + -15. Give r(z).
-3
Let b(o) = -4*o + 34. Suppose 0 = 4*t + 8*d - 6*d - 46, -3 = -d. Give b(t).
-6
Let y(p) = -26*p**3 - 1 + 2 + 2*p + 25*p**3 + 2*p**2. Let q(v) = -v**3 - 9*v**2 - v - 10. Let w be q(-9). Let b be (0 - w/(-3))*3. Calculate y(b).
2
Let h(g) = -g - 5. Let b(i) = -6*i - 14. Let s(q) = -3*b(q) + 8*h(q). Determine s(-2).
-18
Suppose 5*n - 39 = 21. Let f be 8/10*30/n. Suppose f*b - 2 = 8. Let t(d) = -d**3 + 5*d**2 + 3*d - 3. Determine t(b).
12
Let g = 746 - 749. Let o(l) = -l**2 - 2*l + 4. What is o(g)?
1
Let x = 87 + -18. Let u(q) = x*q**2 + 65*q**2 + q - q**3 - 137*q**2 - 3. Determine u(-3).
-6
Suppose -3*l + 2*g + 10 = -0*g, -l + g = -3. Let h(d) = 1 - 3 + 16*d**2 - l*d - 17*d**2 + 8. Determine h(-6).
-6
Let g(a) = -9*a - 11. Suppose 2*h + 83 = 5*v + 71, -24 = 4*h - 4*v. Give g(h).
43
Let p(f) = 409*f**2 - 5*f + 5*f + 1 - 387*f**2. Give p(-1).
23
Let a(q) = -q**2 - 6*q + 7. Let w = 46 + -33. Suppose 3*h = -2*k + 15, -k + 3 = h - 1. Let g = h - w. Determine a(g).
7
Let n(k) = k**2 + 5*k - 1. Suppose 9*y - 15 = 6*y. Let g(q) = -q**2 + 7*q - 3. Let l be g(y). Suppose -4*v = l + 13. What is n(v)?
-1
Let o(y) = -4 + 24*y**2 + 0 - 7 - 35*y**2 - 12*y + y**3. What is o(12)?
-11
Let q(x) = 2*x + 10. Let d be q(-7). Let r(n) be the third derivative of n**5/60 + 5*n**4/24 + 2*n**3/3 + 4*n**2. What is r(d)?
0
Let m = 14 - 7. Suppose -u - m = -8. Let x(g) = -144*g**3 + 158*g**3 + g - g - u. Determine x(1).
13
Let i(s) = s + 5. Let j = 120 + -120. Suppose 5*b - 2 - 13 = j, -23 = 2*c - b. Determine i(c).
-5
Let f(c) = c + 3. Let h be (11 - 8) + 21*1. Let p be (1/((-4)/9))/(9/h). Determine f(p).
-3
Let k be 5/(-3)*(-7)/((-21)/(-9)). Let d(v) = -3*v + 1. Calculate d(k).
-14
Let w(b) = 14*b**2 + 2*b - 1. Let l = 6 + -2. Suppose -2*a + 6 - l = 0. Give w(a).
15
Let w(h) = 9*h**2 + 6 - 5*h**2 + 3*h**2 + 7*h - 6*h**2. Calculate w(-7).
6
Let d(i) = i**3 - 3*i**2 - 2*i. Suppose 10 = 5*t + n, 8 = 5*t - 2*n - 2. What is d(t)?
-8
Let k be ((72/20)/3)/((-4)/(-20)). Let o(h) = -h**3 + 6*h**2 - 2*h + 3. Calculate o(k).
-9
Let v(c) = -c**2 - 5*c + 2. Let y(r) = -r**3 - 6*r**2 - 5*r - 36. Let w be y(-6). Calculate v(w).
-4
Let q be ((-4)/(-14))/((-13)/(-91)). Let w be (q - (-20)/(-8))*2. Let i(a) = a. Determine i(w).
-1
Let d(x) = -6*x**2 + 2*x - 1. Let b = 954 + -952. Determine d(b).
-21
Let q(v) = -4*v + 14. Let l(w) = 2*w - 4 + 6 - 9. Let b(n) = -9*l(n) - 4*q(n). Calculate b(7).
-7
Suppose 24*o - 21 = 31*o. Let x(z) = -2*z**2 - 8*z - 5. Let p(w) = -2*w**2 - 9*w - 6. Let c(h) = -4*p(h) + 5*x(h). What is c(o)?
-7
Suppose -o = -2*w - 5, 2*o + 25 = 7*o - 2*w. Suppose 1 = -d - o. Let v(u) = -u**3 - 5*u**2 + 6*u - 4. Calculate v(d).
-4
Let p(a) = -41 - 46 - a + 3*a + 48 - 4. Calculate p(20).
-3
Let i(m) = m**2 + 5*m + 3. Suppose l - 3*j - 12 = 0, -2*l + 1 = -2*j - 11. Let x(z) = 2*z**2 + 11*z + 7. Let o(f) = l*x(f) - 7*i(f). Determine o(-3).
-3
Suppose 2*c = 2*m + 30, 5*m + 0*m + 75 = 3*c. Let f = m - -9. Let x(j) = -3*j - 13. Let z(o) = -o - 1. Let g(u) = x(u) - 2*z(u). Give g(f).
-5
Let g = 105 - 102. Let t(w) = w + 7. Let z be t(-5). Let c(j) = -j**2 - 3*j**z + 2*j - 4*j - j**g - 1 + 4. Calculate c(-3).
0
Let v(q) be the second derivative of -q**3/2 - q**2/2 + 815*q. Suppose 6 = -3*r + 5*y, -y = 3*r - 2*y + 6. What is v(r)?
5
Let t(o) = -o**3 - 12*o**2 + o + 3. Let k(g) = g**3 + 11*g**2 - g - 2. Let f(c) = 4*k(c) + 5*t(c). What is f(-16)?
-9
Let x(v) = v**3 + 5*v**2 + 2*v + 1. Suppose -58 = -5*s + 4*d, 0*d + 18 = s - 4*d. Let l be 704/9 + s/(-45). Let m be (-4)/6 - l/18. What is x(m)?
-9
Suppose 12 = -497*v + 495*v. Let o(w) = -w**2 - 4*w + 4. Determine o(v).
-8
Let q(n) = 4*n - 3. Let c be -6*-5*4/3. Let u = c + -60. Let d be (16/u)/(3/(-15)). Give q(d).
13
Let g(c) = -c - 4. Let n = 78 - 26. Let k = n + -57. Give g(k).
1
Let s(z) be the first derivative of z**3/3 - 7*z**2/2 + 4*z + 137. What is s(8)?
12
Let c(v) = 3*v**2 + 2 - 1 - 2*v**2 - 2*v. Let l(q) = -q - 16. Let i be l(0). Let m = 18 + i. Calculate c(m).
1
Suppose 50 = -4*c + 10*x - 9*x, 5*c + x + 58 = 0. Let p(z) = z**3 + 13*z**2 + 13*z + 9. What is p(c)?
-3
Let u(j) = j**3 - 7*j**2 + 4*j + 29. Let n(f) = -f**3 + 3*f**2 - 2*f - 16. Let y(b) = -5*n(b) - 3*u(b). Calculate y(-3).
-1
Suppose -4*z = -11*z. Let l = z - 5. Let a(y) = -y**3 + 8*y**2 - 10*y + 3. Let u(m) = -m**3 + 7*m**2 - 9*m + 3. Let c(k) = l*a(k) + 6*u(k). Give c(2).
-5
Let i(q) = -4 - 2 - 3*q**2 + 3 - 3*q + 4*q**2. Give i(-2).
7
Let s(q) = -q**2 - 15. Suppose -7*k = -21 - 0. Let p(z) = z**2 + 16. Let g(c) = k*s(c) + 4*p(c). Calculate g(0).
19
Suppose 5*h - 4*l + 21 = -8*l, 16 = -4*h - 4*l. Let k(d) = d**3 + 5*d**2 - d - 5. What is k(h)?
0
Suppose -6 = -5*v + 14. Suppose -3*y - 14 + 2 = -k, v*y = 4*k - 16. Let p(c) = -3*c**2 - 7 + k*c**2 + c**3 + 5*c - 4*c**2 + c**2. Determine p(5).
-7
Let s(p) = p**2 + 6*p - 10. Let f = 27 + -21. Suppose 0 = -3*o - f - 15. What is s(o)?
-3
Let l(g) = 4*g**3 - 3*g**2 - g - 2. Let y(u) = -7*u**3 + 5*u**2 + u + 3. Let i(n) = 5*l(n) + 3*y(n). Let d(f) = -2*f - 20. Let s be d(-11). Calculate i(s).
-13
Let d(h) be the third derivative of h**5/60 + h**4/2 + 7*h**3/6 - 74*h**2. Calculate d(-11).
-4
Let m(t) = -6*t**3 - 20*t**2 - 19*t + 19. Let u(d) = -d**3 - 4*d**2 - 4*d + 4. Let p(k) = -2*m(k) + 11*u(k). What is p(4)?
-18
Let r(c) be the second derivative of c**5/20 + c**4/6 - c**3/2 - 2*c**2 - 2*c - 37. Determine r(-3).
-4
Let x(z) = z**2 + 7*z + 9. Let d be x(-6). Let k(n) = -n + 42 + 43 - 87 + n**2. What is k(d)?
4
Let h(p) = p**2 - 7*p + 4. Suppose b - 12 = 4*b. Let n(y) = -y**3 - 3*y**2 + 2*y - 3. Let o be n(b). What is h(o)?
-6
Let l(m) = m**3 + 11*m**2 - 9*m - 3. Let y(f) = -f**3 - 12*f**2 + 10*f + 4. Let d(c) = -7*l(c) - 6*y(c). What is d(-4)?
-31
Let t(v) = 2*v + 1. Let b = 32 - 25. Suppose -b + 2 = -5*i. What is t(i)?
3
Let d = 255 + -252. Let t(j) = j**3 - 3*j**2 - j + 4. Calculate t(d).
1
Let j(i) = 124*i - 1 - i**2 - 246*i + 121*i. What is j(0)?
-1
Let v = -19 + 27. Let i(c) = v*c - 13*c + 4*c + 2*c. Determine i(-5).
-5
Let u be ((-2)/(-4))/(12/24). Let k be u/(4 - 3)*-5. Let g(d) = d + 7. What is g(k)?
2
Let c(r) = -797*r**2 + 798*r**2 - r**3 - 4*r + 4*r + 1. Let x = 0 + 5. Let b = x + -4. Calculate c(b).
1
Let l(s) = s**2 - 26*s + 100. Let j be l(20). Let c(f) = f**3 + 20*f**2 - 5. Determine c(j).
-5
Let c(t) = -6*t + 16*t + 6 - 36*t**3 - 3*t**2 + 19*t**3 + 16*t**3 - 2*t**2. Calculate c(-7).
34
Suppose 0 = -6*a + 3*a + 3*m - 3, -5*m - 5 = 0. Let g(x) = x**2. Let r(k) = 2*k**2 + k + 1. Let z(u) = -3*g(u) + r(u). Calculate z(a).
-5
Let m(c) = c**2 - 9*c + 20. Suppose 4*s - 33*s + 261 = 0. What is m(s)?
20
Let q(z) = z**2 - 6*z + 6. Let k be q(6). Let g = -9 + 19. Let j(s) = -3 - 5*s + 11*s**2 - g*s**2 - 1. Give j(k).
2
Let c = 782 + -772. Let l(m) = -m**3 + 9*m**2 + 11*m - 13. Determine l(c).
-3
Let b(s) = 3*s**2 - s - 2. Suppose 5*y - 26 = 14. Suppose 7*z - 6 = y. Give b(z).
8
Let i(b) = -b - 3. Let y = -65 + 105. Let v = -43 + y. What is i(v)?
0
Let q(y) be the second derivative of -y**4